 divided by i?
13
Suppose 0*m = -2*m, -16 = -2*g + 2*m. Calculate the remainder when 21 is divided by g.
5
Suppose -5*q = -4*w - 322, 4*q + q = 3*w + 319. Calculate the remainder when q is divided by 32.
30
Let d = 62 - 35. Calculate the remainder when d is divided by 15 - (-2 - (2 - 5)).
13
Let n = 128 + -105. Let u = 61 + -19. Calculate the remainder when u is divided by n.
19
Suppose 0*r + 150 = 5*r. What is the remainder when 29 is divided by (-2)/(-1 + 26/r)?
14
Let u(b) = -6*b - 8. What is the remainder when 79 is divided by u(-4)?
15
Let n be -1 - 0*(2 + -1). Let k(z) = -z**3. Suppose 0 = i - 1, -5*a - 3*i = -8. Calculate the remainder when a is divided by k(n).
0
Suppose -3*l + 29 + 157 = 0. Let n = -103 + 119. What is the remainder when l is divided by n?
14
Let l(d) = 2*d**2 + 4*d + 8. What is the remainder when l(-4) is divided by 7?
3
Suppose -5*y = 3*o - y - 175, -111 = -2*o + 3*y. What is the remainder when o is divided by 2*((-69)/(-6) + -4)?
12
Suppose 4*j + 5 - 23 = 2*y, -j + 4*y - 13 = 0. Suppose 138 = -3*c - 2*f, -c + 3*f = -5*c - 185. Let l = -25 - c. What is the remainder when l is divided by j?
5
Let t(m) = -7*m + 44. What is the remainder when t(-6) is divided by 18?
14
Let q = 40 + -22. What is the remainder when q is divided by 3?
0
Let f(v) = 28*v + 5. Let o be f(5). Suppose -2*u - 2*s + 58 = 0, 4*u + 3*s + 33 = o. Calculate the remainder when u is divided by (-3 - -2)/((-8)/72).
7
Let l be 7/(-3) - (-2)/6. Let b(r) = -10*r - 1. Suppose 0*y - 4*y = 2*z - 44, -3*z = 2*y - 26. What is the remainder when b(l) is divided by y?
9
Suppose -4 = -q + 2*v + 16, -34 = -2*q - 2*v. What is the remainder when 52 is divided by q?
16
Let k = -30 + 27. Let b(z) = 2*z**2 - 4. Calculate the remainder when b(-4) is divided by 4/k*3 - -19.
13
Suppose -22*w = -19*w - 87. What is the remainder when w is divided by 8?
5
Let o(c) = -c**3 - 3*c**2 - c + 5. Suppose 0 = -3*f + 82 - 10. Let q = f - 15. What is the remainder when o(-4) is divided by q?
7
Suppose -4*k + 5*f = -278, -2*f + f + 199 = 3*k. What is the remainder when k is divided by 17?
16
Calculate the remainder when 66 is divided by (1/(-3))/(3/(-153)).
15
Let g be ((-3)/(-6))/(3/1236). Let i = 363 - g. Suppose 0 = 5*t + 5*k - i - 18, 3*t - 3*k - 105 = 0. Calculate the remainder when t is divided by 9.
8
Let n = -28 + 17. Let m(i) = -i**3 - 12*i**2 - 11*i + 7. Let o be m(n). Suppose 2 = q - j, 3*q = -q + 5*j + o. What is the remainder when 7 is divided by q?
1
Let h = 2 + 0. Suppose 10 = -4*w + 3*w. What is the remainder when 22 is divided by (-122)/w - h/10?
10
Suppose -5*u = -3*t - 9 + 27, 2*t - 2*u - 12 = 0. Let o = 41 + -24. Calculate the remainder when o is divided by t.
5
Suppose -4*a = -628 + 184. Calculate the remainder when a is divided by 28.
27
Suppose -2*l - 40 = -0*l. Let d = 29 + l. What is the remainder when 25 is divided by d?
7
Let z(b) = b**3 + 29*b**2 + 27*b - 23. What is the remainder when 6 is divided by z(-28)?
1
Let j = 137 - 125. What is the remainder when j is divided by 7?
5
Let f = 8 - 0. Calculate the remainder when (-4)/14 + (-326)/(-14) is divided by f.
7
Let c = -29 + 66. Calculate the remainder when c is divided by 13.
11
Let t = 100 + -64. What is the remainder when t is divided by 19?
17
Let h(r) = -r**3 - 3*r**2 - 3*r. Let m be h(-5). Suppose -5*q + 65 = -m. Let p(c) = -c**2 + 7*c + 3. What is the remainder when q is divided by p(6)?
8
Let a = -72 - -81. Calculate the remainder when 15 is divided by a.
6
Suppose 4*v - 88 = b, 2*v - 6*v = -5*b - 72. Calculate the remainder when v - (-6)/9*-3 is divided by 8.
5
Let n(w) = -w + 41. Let u be n(0). Suppose 3*j - 6 = 0, -j = 3*p - 6 - u. Calculate the remainder when 57 is divided by p.
12
Let s = 32 - -3. Calculate the remainder when s is divided by 13.
9
Let x = -6 + 11. Let v(a) = a**3 - 2*a**2 - a - 1. Let k be v(3). Calculate the remainder when x is divided by k - (3 + -3 + 2).
2
Calculate the remainder when (-16)/(-1) - (6 + -3 + -5) is divided by 11.
7
Suppose -3*d + 3*h + 97 = 16, 2*h + 30 = d. Let l = 50 - d. What is the remainder when l is divided by 15?
11
Let h(q) = 7*q - 6. Suppose g - 5 = 2*j, 20 = 5*g - 0*g - 5*j. Suppose 3*t = -11 + 38. What is the remainder when h(g) is divided by t?
6
Let c(a) = a + 4. Suppose 0 = 2*u - 4*u + 20. What is the remainder when u is divided by c(2)?
4
Suppose -5*p + 163 = 5*w - 7*w, -4*p + 120 = w. Suppose -42 = -4*r - 10. What is the remainder when p is divided by r?
7
Suppose 30 = w - 0*w - 2*r, -3*w = 5*r - 35. What is the remainder when 77 is divided by w?
17
Suppose 4*a = a + 93. Let p be (14/4)/((-2)/20). Let o = -24 - p. What is the remainder when a is divided by o?
9
Let o be (0 - -1)/(8/(-96)). Let b = -8 - o. Calculate the remainder when (b/(-6))/((-12)/306) is divided by 5.
2
Let v(n) = 2*n**2 - 9*n - 14. Calculate the remainder when 9 is divided by v(6).
1
Let b(j) = j**2 + 5*j + 6. Let q(r) = r**3 - 5. Let t be q(0). What is the remainder when 1/(-4) - 90/(-8) is divided by b(t)?
5
Let v = -141 - -201. What is the remainder when v is divided by 21?
18
Suppose -4*m = -5*d + 20, 5*d + 0*d = -2*m + 20. Let f = d - -9. Calculate the remainder when 37 is divided by f.
11
Suppose 3*h - 7*h - 2*b + 34 = 0, h + 5*b = 31. Suppose -5*j = -2*x + 45 + 29, -j - 4*x = h. Let k = j + 26. What is the remainder when 22 is divided by k?
10
Suppose -8*p + p = -91. Calculate the remainder when 90 is divided by p.
12
Suppose 0 = 4*k - 4, 3*m - m - k - 3 = 0. Let y = 9 + -2. What is the remainder when 2 is divided by (y/21)/(m/6)?
0
Suppose -9*x + 3*x + 282 = 0. Calculate the remainder when x is divided by 10.
7
Let j = 3 + -1. Calculate the remainder when 46 is divided by (0 + j)*12/2.
10
Calculate the remainder when (3 - 4)/((-1)/89) is divided by 23.
20
Suppose h - 2 - 2 = 0, 0 = v - 3*h + 3. Suppose 8*w = 3*w. Suppose 3*l = -w*l + v. Calculate the remainder when 5 is divided by l.
2
Let v = 26 + -3. Suppose -3*g + 7*g - 24 = 0. What is the remainder when v is divided by g?
5
Let f be (-1302)/(-30) + 4/(-10). Suppose -4*q - i + 7 = -155, q - i - f = 0. What is the remainder when q is divided by 22?
19
Let q = -11 + 14. Suppose -4*p = -14 + 2. What is the remainder when q is divided by p?
0
Suppose 4*m = -5*z + 38, -2*m - z = -4*z - 8. Calculate the remainder when m is divided by 3.
1
Let o(c) be the first derivative of 2*c**3/3 + 2*c**2 - 3*c + 2. Let j = 81 + -44. Calculate the remainder when j is divided by o(-4).
11
Let m be (-10)/(-25) + 6/10. Suppose z = 2*v - 14, m = 2*v - 4*z - 7. Calculate the remainder when 30 is divided by v.
6
Let g be (470/4)/(4/8). Suppose 0 = 5*h - 4*c - 198 - 42, -5*c - g = -5*h. Suppose 4*s - x = 52, x + x = 4*s - h. What is the remainder when 38 is divided by s?
12
Let x(u) = -17*u. Let v(d) = d**3 + 2*d**2 - 2*d + 2. Let n be v(-3). Suppose -2*i - 2*i = -128. Calculate the remainder when i is divided by x(n).
15
Suppose 5*c + q - 192 = 0, 5*q + 2 + 26 = c. Let l = -32 - -40. What is the remainder when c is divided by l?
6
Calculate the remainder when 68/1*((-21)/(-6))/7 is divided by 14.
6
Calculate the remainder when 92 is divided by (62/8)/((-4)/(-16)).
30
Let k(a) = a**3 + a**2 - a + 1. Let t(b) = 2*b - b + 0 - 3 + 5 + b**3. Let s be t(0). Calculate the remainder when 42 is divided by k(s).
9
Suppose -i + 2 + 0 = 0. Suppose 19 + 6 = 5*g - i*u, 0 = 3*g - 3*u - 15. Suppose -5*l + 34 = 3*x, -g*l + 6*l = 5. What is the remainder when 8 is divided by x?
2
Suppose s - 17*s + 352 = 0. What is the remainder when 240 is divided by s?
20
Let y be 1/(((-2)/(-4))/(-1)). Suppose 5*v - 6 - 1 = 3*m, -v - 7 = -2*m. What is the remainder when m is divided by (y/(-3))/(2/12)?
2
Let j = 190 + 188. Calculate the remainder when 61 is divided by (4/(-6))/((-12)/j).
19
Let w(l) = -l**2 + 10*l + 31. What is the remainder when w(9) is divided by 7?
5
Let j = -3 - -39. Suppose -f + 5*f = j. Suppose 5*d + 14 = 2*b, b + 4*d - 16 = 17. Calculate the remainder when b is divided by f.
8
Let m(z) = 25*z**2 - 1. Let b be (-1 - -2)/(0 + -1). What is the remainder when 46 is divided by m(b)?
22
Suppose -398 = -5*a - 108. What is the remainder when a is divided by (-18)/8*480/(-90)?
10
Suppose 4*r = -r. Let p(y) = y + 28. Let h be p(r). Let c = h + -3. Calcu